{"id":235,"date":"2021-09-28T11:01:28","date_gmt":"2021-09-28T11:01:28","guid":{"rendered":"https:\/\/sgrail100.com\/?page_id=235"},"modified":"2023-12-14T19:41:24","modified_gmt":"2023-12-14T19:41:24","slug":"como-llegar","status":"publish","type":"page","link":"https:\/\/www.sgrail.country\/colombia\/como-llegar\/","title":{"rendered":"COMO LLEGAR"},"content":{"rendered":"<p>[et_pb_section fb_built=&#8221;1&#8243; fullwidth=&#8221;on&#8221; _builder_version=&#8221;4.16&#8243; _module_preset=&#8221;default&#8221; global_colors_info=&#8221;{}&#8221;][\/et_pb_section][et_pb_section fb_built=&#8221;1&#8243; fullwidth=&#8221;on&#8221; _builder_version=&#8221;4.16&#8243; _module_preset=&#8221;default&#8221; global_colors_info=&#8221;{}&#8221;][et_pb_fullwidth_code _builder_version=&#8221;4.23.1&#8243; _module_preset=&#8221;default&#8221; hover_enabled=&#8221;0&#8243; global_colors_info=&#8221;{}&#8221; sticky_enabled=&#8221;0&#8243;]<iframe src=\"https:\/\/www.google.com\/maps\/embed?pb=!1m18!1m12!1m3!1d3977.248163725972!2d-74.5359971!3d4.549309700000001!2m3!1f0!2f0!3f0!3m2!1i1024!2i768!4f13.1!3m3!1m2!1s0x8e3f14d037b897ad%3A0x5b5d6576fb1d77ee!2sAnapoima%20Main%20Park!5e0!3m2!1sde!2sco!4v1702582676934!5m2!1sde!2sco\" width=\"100%\" height=\"450\" style=\"border:0;\" allowfullscreen=\"\" loading=\"lazy\"><\/iframe>[\/et_pb_fullwidth_code][\/et_pb_section][et_pb_section fb_built=&#8221;1&#8243; _builder_version=&#8221;4.16&#8243; _module_preset=&#8221;default&#8221; global_colors_info=&#8221;{}&#8221; custom_padding=&#8221;1px|||||&#8221;][et_pb_row _builder_version=&#8221;4.16&#8243; _module_preset=&#8221;default&#8221; global_colors_info=&#8221;{}&#8221;][et_pb_column type=&#8221;4_4&#8243; _builder_version=&#8221;4.16&#8243; _module_preset=&#8221;default&#8221; global_colors_info=&#8221;{}&#8221;][et_pb_text _builder_version=&#8221;4.16&#8243; _module_preset=&#8221;default&#8221; global_colors_info=&#8221;{}&#8221;]<\/p>\n<h1 style=\"text-align: center;\">COMO LLEGAR<\/h1>\n<p>&nbsp;<\/p>\n<p style=\"text-align: center;\">ANAPOIMA est\u00e1 ubicado en el departamento de Cundinamarca a 2hrs (87kms) de BOGOT\u00c1 la capital de COLOMBIA .\u00a0<\/p>\n<p>[\/et_pb_text][\/et_pb_column][\/et_pb_row][et_pb_row column_structure=&#8221;1_3,1_3,1_3&#8243; module_id=&#8221;travel-icons&#8221; _builder_version=&#8221;4.16&#8243; _module_preset=&#8221;default&#8221; global_colors_info=&#8221;{}&#8221;][et_pb_column type=&#8221;1_3&#8243; _builder_version=&#8221;4.16&#8243; _module_preset=&#8221;default&#8221; global_colors_info=&#8221;{}&#8221;][et_pb_blurb title=&#8221;por carro&#8221; image=&#8221;https:\/\/sgrail100.com\/wp-content\/uploads\/2021\/09\/car-side-solid-min.svg&#8221; _builder_version=&#8221;4.16&#8243; _module_preset=&#8221;default&#8221; global_colors_info=&#8221;{}&#8221;]<\/p>\n<p style=\"text-align: left;\">La \u00fanica forma de llegar es por carro, si est\u00e1s fuera de Colombia te recomendamos viajar a Bogot\u00e1<\/p>\n<p>[\/et_pb_blurb][\/et_pb_column][et_pb_column type=&#8221;1_3&#8243; _builder_version=&#8221;4.16&#8243; _module_preset=&#8221;default&#8221; global_colors_info=&#8221;{}&#8221;][et_pb_blurb title=&#8221;Aeropuerto&#8221; image=&#8221;https:\/\/sgrail100.com\/wp-content\/uploads\/2021\/09\/plane-solid-min.svg&#8221; _builder_version=&#8221;4.16&#8243; _module_preset=&#8221;default&#8221; global_colors_info=&#8221;{}&#8221;]<\/p>\n<p>AEROPUERTO INTERNACIONAL EL DORADO (BOG)<\/p>\n<p>[\/et_pb_blurb][\/et_pb_column][et_pb_column type=&#8221;1_3&#8243; _builder_version=&#8221;4.16&#8243; _module_preset=&#8221;default&#8221; global_colors_info=&#8221;{}&#8221;][\/et_pb_column][\/et_pb_row][\/et_pb_section]<\/p>\n","protected":false},"excerpt":{"rendered":"<p>COMO LLEGAR &nbsp; ANAPOIMA est\u00e1 ubicado en el departamento de Cundinamarca a 2hrs (87kms) de BOGOT\u00c1 la capital de COLOMBIA .\u00a0La \u00fanica forma de llegar es por carro, si est\u00e1s fuera de Colombia te recomendamos viajar a Bogot\u00e1AEROPUERTO INTERNACIONAL EL DORADO (BOG)<\/p>\n","protected":false},"author":1,"featured_media":0,"parent":0,"menu_order":0,"comment_status":"closed","ping_status":"closed","template":"","meta":{"_et_pb_use_builder":"on","_et_pb_old_content":"","_et_gb_content_width":"","footnotes":""},"yoast_head":"<!-- This site is optimized with the Yoast SEO plugin v21.7 - https:\/\/yoast.com\/wordpress\/plugins\/seo\/ -->\n<title>COMO LLEGAR - SGRAIL Colombia<\/title>\n<meta name=\"robots\" content=\"index, follow, max-snippet:-1, max-image-preview:large, max-video-preview:-1\" \/>\n<link rel=\"canonical\" href=\"https:\/\/www.sgrail.country\/colombia\/como-llegar\/\" \/>\n<meta property=\"og:locale\" content=\"es_ES\" \/>\n<meta property=\"og:type\" content=\"article\" \/>\n<meta property=\"og:title\" content=\"COMO LLEGAR - SGRAIL Colombia\" \/>\n<meta property=\"og:description\" content=\"COMO LLEGAR &nbsp; ANAPOIMA est\u00e1 ubicado en el departamento de Cundinamarca a 2hrs (87kms) de BOGOT\u00c1 la capital de COLOMBIA .\u00a0La \u00fanica forma de llegar es por carro, si est\u00e1s fuera de Colombia te recomendamos viajar a Bogot\u00e1AEROPUERTO INTERNACIONAL EL DORADO (BOG)\" \/>\n<meta property=\"og:url\" content=\"https:\/\/www.sgrail.country\/colombia\/como-llegar\/\" \/>\n<meta property=\"og:site_name\" content=\"SGRAIL Colombia\" \/>\n<meta property=\"article:modified_time\" content=\"2023-12-14T19:41:24+00:00\" \/>\n<meta name=\"twitter:card\" content=\"summary_large_image\" \/>\n<script type=\"application\/ld+json\" class=\"yoast-schema-graph\">{\"@context\":\"https:\/\/schema.org\",\"@graph\":[{\"@type\":\"WebPage\",\"@id\":\"https:\/\/www.sgrail.country\/colombia\/como-llegar\/\",\"url\":\"https:\/\/www.sgrail.country\/colombia\/como-llegar\/\",\"name\":\"COMO LLEGAR - SGRAIL Colombia\",\"isPartOf\":{\"@id\":\"https:\/\/www.sgrail.country\/colombia\/#website\"},\"datePublished\":\"2021-09-28T11:01:28+00:00\",\"dateModified\":\"2023-12-14T19:41:24+00:00\",\"breadcrumb\":{\"@id\":\"https:\/\/www.sgrail.country\/colombia\/como-llegar\/#breadcrumb\"},\"inLanguage\":\"es-CO\",\"potentialAction\":[{\"@type\":\"ReadAction\",\"target\":[\"https:\/\/www.sgrail.country\/colombia\/como-llegar\/\"]}]},{\"@type\":\"BreadcrumbList\",\"@id\":\"https:\/\/www.sgrail.country\/colombia\/como-llegar\/#breadcrumb\",\"itemListElement\":[{\"@type\":\"ListItem\",\"position\":1,\"name\":\"Home\",\"item\":\"https:\/\/www.sgrail.country\/colombia\/\"},{\"@type\":\"ListItem\",\"position\":2,\"name\":\"COMO LLEGAR\"}]},{\"@type\":\"WebSite\",\"@id\":\"https:\/\/www.sgrail.country\/colombia\/#website\",\"url\":\"https:\/\/www.sgrail.country\/colombia\/\",\"name\":\"SGRAIL Colombia\",\"description\":\"SWIM - GRAVEL - TRAIL\",\"potentialAction\":[{\"@type\":\"SearchAction\",\"target\":{\"@type\":\"EntryPoint\",\"urlTemplate\":\"https:\/\/www.sgrail.country\/colombia\/?s={search_term_string}\"},\"query-input\":\"required name=search_term_string\"}],\"inLanguage\":\"es-CO\"}]}<\/script>\n<!-- \/ Yoast SEO plugin. -->","yoast_head_json":{"title":"COMO LLEGAR - SGRAIL Colombia","robots":{"index":"index","follow":"follow","max-snippet":"max-snippet:-1","max-image-preview":"max-image-preview:large","max-video-preview":"max-video-preview:-1"},"canonical":"https:\/\/www.sgrail.country\/colombia\/como-llegar\/","og_locale":"es_ES","og_type":"article","og_title":"COMO LLEGAR - SGRAIL Colombia","og_description":"COMO LLEGAR &nbsp; ANAPOIMA est\u00e1 ubicado en el departamento de Cundinamarca a 2hrs (87kms) de BOGOT\u00c1 la capital de COLOMBIA .\u00a0La \u00fanica forma de llegar es por carro, si est\u00e1s fuera de Colombia te recomendamos viajar a Bogot\u00e1AEROPUERTO INTERNACIONAL EL DORADO (BOG)","og_url":"https:\/\/www.sgrail.country\/colombia\/como-llegar\/","og_site_name":"SGRAIL Colombia","article_modified_time":"2023-12-14T19:41:24+00:00","twitter_card":"summary_large_image","schema":{"@context":"https:\/\/schema.org","@graph":[{"@type":"WebPage","@id":"https:\/\/www.sgrail.country\/colombia\/como-llegar\/","url":"https:\/\/www.sgrail.country\/colombia\/como-llegar\/","name":"COMO LLEGAR - SGRAIL Colombia","isPartOf":{"@id":"https:\/\/www.sgrail.country\/colombia\/#website"},"datePublished":"2021-09-28T11:01:28+00:00","dateModified":"2023-12-14T19:41:24+00:00","breadcrumb":{"@id":"https:\/\/www.sgrail.country\/colombia\/como-llegar\/#breadcrumb"},"inLanguage":"es-CO","potentialAction":[{"@type":"ReadAction","target":["https:\/\/www.sgrail.country\/colombia\/como-llegar\/"]}]},{"@type":"BreadcrumbList","@id":"https:\/\/www.sgrail.country\/colombia\/como-llegar\/#breadcrumb","itemListElement":[{"@type":"ListItem","position":1,"name":"Home","item":"https:\/\/www.sgrail.country\/colombia\/"},{"@type":"ListItem","position":2,"name":"COMO LLEGAR"}]},{"@type":"WebSite","@id":"https:\/\/www.sgrail.country\/colombia\/#website","url":"https:\/\/www.sgrail.country\/colombia\/","name":"SGRAIL Colombia","description":"SWIM - GRAVEL - TRAIL","potentialAction":[{"@type":"SearchAction","target":{"@type":"EntryPoint","urlTemplate":"https:\/\/www.sgrail.country\/colombia\/?s={search_term_string}"},"query-input":"required name=search_term_string"}],"inLanguage":"es-CO"}]}},"_links":{"self":[{"href":"https:\/\/www.sgrail.country\/colombia\/wp-json\/wp\/v2\/pages\/235"}],"collection":[{"href":"https:\/\/www.sgrail.country\/colombia\/wp-json\/wp\/v2\/pages"}],"about":[{"href":"https:\/\/www.sgrail.country\/colombia\/wp-json\/wp\/v2\/types\/page"}],"author":[{"embeddable":true,"href":"https:\/\/www.sgrail.country\/colombia\/wp-json\/wp\/v2\/users\/1"}],"replies":[{"embeddable":true,"href":"https:\/\/www.sgrail.country\/colombia\/wp-json\/wp\/v2\/comments?post=235"}],"version-history":[{"count":15,"href":"https:\/\/www.sgrail.country\/colombia\/wp-json\/wp\/v2\/pages\/235\/revisions"}],"predecessor-version":[{"id":1820,"href":"https:\/\/www.sgrail.country\/colombia\/wp-json\/wp\/v2\/pages\/235\/revisions\/1820"}],"wp:attachment":[{"href":"https:\/\/www.sgrail.country\/colombia\/wp-json\/wp\/v2\/media?parent=235"}],"curies":[{"name":"wp","href":"https:\/\/api.w.org\/{rel}","templated":true}]}}