{"id":33,"date":"2021-09-25T10:45:24","date_gmt":"2021-09-25T10:45:24","guid":{"rendered":"https:\/\/www.sgrail.country\/colombia\/?page_id=33"},"modified":"2025-05-30T12:34:46","modified_gmt":"2025-05-30T12:34:46","slug":"timetable","status":"publish","type":"page","link":"https:\/\/www.sgrail.country\/colombia\/timetable\/","title":{"rendered":"Time table"},"content":{"rendered":"<p>[et_pb_section fb_built=&#8221;1&#8243; fullwidth=&#8221;on&#8221; _builder_version=&#8221;4.16&#8243; _module_preset=&#8221;default&#8221; global_colors_info=&#8221;{}&#8221;][et_pb_fullwidth_image src=&#8221;https:\/\/www.sgrail.country\/colombia\/wp-content\/uploads\/2022\/11\/Sgrail22_run4.jpg&#8221; title_text=&#8221;Sgrail22_run4&#8243; _builder_version=&#8221;4.23.1&#8243; _module_preset=&#8221;default&#8221; width=&#8221;90%&#8221; module_alignment=&#8221;center&#8221; global_colors_info=&#8221;{}&#8221;][\/et_pb_fullwidth_image][\/et_pb_section][et_pb_section fb_built=&#8221;1&#8243; _builder_version=&#8221;4.16&#8243; min_height=&#8221;230px&#8221; custom_padding=&#8221;54px||0px|||&#8221; global_colors_info=&#8221;{}&#8221;][et_pb_row _builder_version=&#8221;4.16&#8243; _module_preset=&#8221;default&#8221; custom_margin=&#8221;|auto|-1px|auto||&#8221; custom_padding=&#8221;||8px|||&#8221; global_colors_info=&#8221;{}&#8221;][et_pb_column type=&#8221;4_4&#8243; _builder_version=&#8221;4.16&#8243; _module_preset=&#8221;default&#8221; global_colors_info=&#8221;{}&#8221;][et_pb_text module_id=&#8221;jump&#8221; _builder_version=&#8221;4.20.4&#8243; _module_preset=&#8221;default&#8221; min_height=&#8221;35px&#8221; custom_margin=&#8221;||-1px|||&#8221; custom_padding=&#8221;||0px|||&#8221; global_colors_info=&#8221;{}&#8221;]<\/p>\n<h1 style=\"text-align: center;\">Time table*<\/h1>\n<p>&nbsp;<\/p>\n<h3 style=\"text-align: center;\"><\/h3>\n<p>[\/et_pb_text][et_pb_divider color=&#8221;gcid-af15c982-3090-42fc-8815-c527d50b5f0c&#8221; divider_weight=&#8221;3px&#8221; _builder_version=&#8221;4.16&#8243; background_enable_color=&#8221;off&#8221; max_width=&#8221;100px&#8221; module_alignment=&#8221;center&#8221; animation_style=&#8221;zoom&#8221; animation_direction=&#8221;left&#8221; locked=&#8221;off&#8221; global_colors_info=&#8221;{%22gcid-af15c982-3090-42fc-8815-c527d50b5f0c%22:%91%22background_color%22,%22color%22%93}&#8221;][\/et_pb_divider][\/et_pb_column][\/et_pb_row][et_pb_row _builder_version=&#8221;4.16&#8243; _module_preset=&#8221;default&#8221; min_height=&#8221;54.5px&#8221; custom_margin=&#8221;|auto|-77px|auto||&#8221; custom_padding=&#8221;||4px|||&#8221; global_colors_info=&#8221;{}&#8221;][et_pb_column type=&#8221;4_4&#8243; _builder_version=&#8221;4.16&#8243; _module_preset=&#8221;default&#8221; global_colors_info=&#8221;{}&#8221;][et_pb_button button_url=&#8221;https:\/\/maps.app.goo.gl\/auHtfTNCDBtyakzDA&#8221; url_new_window=&#8221;on&#8221; button_text=&#8221;LOCATIONS&#8221; button_alignment=&#8221;center&#8221; _builder_version=&#8221;4.23.2&#8243; _module_preset=&#8221;default&#8221; custom_margin=&#8221;||55px|||&#8221; hover_enabled=&#8221;0&#8243; global_colors_info=&#8221;{}&#8221; sticky_enabled=&#8221;0&#8243;][\/et_pb_button][et_pb_divider color=&#8221;gcid-af15c982-3090-42fc-8815-c527d50b5f0c&#8221; divider_weight=&#8221;3px&#8221; _builder_version=&#8221;4.16&#8243; background_enable_color=&#8221;off&#8221; max_width=&#8221;100px&#8221; module_alignment=&#8221;center&#8221; custom_margin=&#8221;|449px||||&#8221; animation_style=&#8221;zoom&#8221; animation_direction=&#8221;left&#8221; locked=&#8221;off&#8221; global_colors_info=&#8221;{%22gcid-af15c982-3090-42fc-8815-c527d50b5f0c%22:%91%22background_color%22,%22color%22%93}&#8221;][\/et_pb_divider][\/et_pb_column][\/et_pb_row][\/et_pb_section][et_pb_section fb_built=&#8221;1&#8243; _builder_version=&#8221;4.16&#8243; _module_preset=&#8221;default&#8221; min_height=&#8221;1230.6px&#8221; global_colors_info=&#8221;{}&#8221;][et_pb_row _builder_version=&#8221;4.11.1&#8243; _module_preset=&#8221;default&#8221; min_height=&#8221;828.5px&#8221; custom_padding=&#8221;0px|||||&#8221; global_module=&#8221;704&#8243; saved_tabs=&#8221;all&#8221; global_colors_info=&#8221;{}&#8221;][et_pb_column type=&#8221;4_4&#8243; _builder_version=&#8221;4.16&#8243; _module_preset=&#8221;default&#8221; global_colors_info=&#8221;{}&#8221;][et_pb_text _builder_version=&#8221;4.23.2&#8243; _module_preset=&#8221;default&#8221; width=&#8221;100%&#8221; custom_padding=&#8221;|0px||0px||&#8221; link_option_url_new_window=&#8221;on&#8221; hover_enabled=&#8221;0&#8243; global_colors_info=&#8221;{}&#8221; sticky_enabled=&#8221;0&#8243;]<\/p>\n<h2 style=\"text-align: center;\"><\/h2>\n<h2 style=\"text-align: center;\"><\/h2>\n<h2 style=\"text-align: center;\"><\/h2>\n<h2 style=\"text-align: center;\"><\/h2>\n<h2 style=\"text-align: center;\">AGOSTO 22 2025<strong><\/strong><\/h2>\n<p style=\"text-align: center;\"><strong><\/strong><\/p>\n<p style=\"text-align: center;\"><strong><\/strong><\/p>\n<p class=\"p1\" style=\"text-align: center;\"><b>2:00 PM &#8211; 5:00 PM<\/b> &#8211; ENTREGA DE KITS<\/p>\n<p class=\"p1\" style=\"text-align: center;\"><b>4:00 PM &#8211; <\/b>5K SOCIAL TRAIL<\/p>\n<h2 style=\"text-align: center;\">AGOSTO 23 2025<\/h2>\n<p>&nbsp;<\/p>\n<p style=\"text-align: center;\"><b>7:00 AM &#8211; <\/b>GRAVEL SOCIAL RIDE<\/p>\n<p class=\"p1\" style=\"text-align: center;\"><b>10:00 AM &#8211; 4:00 PM<\/b> &#8211; ENTREGA DE KITS<\/p>\n<p class=\"p1\" style=\"text-align: center;\"><b>5:00 PM &#8211; <\/b>CHARLA T\u00c9CNICA + PARTY (BRIEFING)<\/p>\n<h2 style=\"text-align: center;\">AGOSTO 24 2025<\/h2>\n<p>&nbsp;<\/p>\n<p class=\"p1\" style=\"text-align: center;\"><b>5:00 AM &#8211; 6:00 AM <\/b>APERTURA T1<\/p>\n<p class=\"p1\" style=\"text-align: center;\"><b>6:30 AM &#8211;<\/b> INICIO <b>SGRAIL\u00a0<\/b><\/p>\n<p class=\"p1\" style=\"text-align: center;\"><b>11:00 AM &#8211; INICIO CELEBRACION POS-SGRAIL<br \/><\/b><\/p>\n<p class=\"p1\" style=\"text-align: center;\"><b>4:00 PM &#8211; <\/b>PREMIACI\u00d3N (APROX)<\/p>\n<p class=\"p1\" style=\"text-align: center;\"><span style=\"font-size: large;\"><strong>* M\u00c1S DETALLES, UBICACI\u00d3N Y OTRAS ACTIVIDADES LAS IREMOS COMUNICANDO PR\u00d3XIMAMENTE<\/strong><\/span><\/p>\n<p>&nbsp;<\/p>\n<p>[\/et_pb_text][\/et_pb_column][\/et_pb_row][et_pb_row _builder_version=&#8221;4.23.1&#8243; _module_preset=&#8221;default&#8221; global_colors_info=&#8221;{}&#8221;][et_pb_column type=&#8221;4_4&#8243; _builder_version=&#8221;4.23.1&#8243; _module_preset=&#8221;default&#8221; global_colors_info=&#8221;{}&#8221;][et_pb_image src=&#8221;https:\/\/www.sgrail.country\/colombia\/wp-content\/uploads\/2023\/12\/SGRAIL_SOCIALRIDE.jpg&#8221; title_text=&#8221;SGRAIL_SOCIALRIDE&#8221; _builder_version=&#8221;4.23.1&#8243; _module_preset=&#8221;default&#8221; global_colors_info=&#8221;{}&#8221;][\/et_pb_image][\/et_pb_column][\/et_pb_row][\/et_pb_section][et_pb_section fb_built=&#8221;1&#8243; _builder_version=&#8221;4.16&#8243; _module_preset=&#8221;default&#8221; global_colors_info=&#8221;{}&#8221;][et_pb_row _builder_version=&#8221;4.16&#8243; _module_preset=&#8221;default&#8221; global_colors_info=&#8221;{}&#8221;][et_pb_column type=&#8221;4_4&#8243; _builder_version=&#8221;4.16&#8243; _module_preset=&#8221;default&#8221; global_colors_info=&#8221;{}&#8221;][et_pb_divider color=&#8221;gcid-af15c982-3090-42fc-8815-c527d50b5f0c&#8221; _builder_version=&#8221;4.16&#8243; _module_preset=&#8221;default&#8221; global_colors_info=&#8221;{%22gcid-af15c982-3090-42fc-8815-c527d50b5f0c%22:%91%22color%22%93}&#8221;][\/et_pb_divider][\/et_pb_column][\/et_pb_row][\/et_pb_section]<\/p>\n","protected":false},"excerpt":{"rendered":"<p>Time table* &nbsp; AGOSTO 22 2025 2:00 PM &#8211; 5:00 PM &#8211; ENTREGA DE KITS 4:00 PM &#8211; 5K SOCIAL TRAIL AGOSTO 23 2025 &nbsp; 7:00 AM &#8211; GRAVEL SOCIAL RIDE 10:00 AM &#8211; 4:00 PM &#8211; ENTREGA DE KITS 5:00 PM &#8211; CHARLA T\u00c9CNICA + PARTY (BRIEFING) AGOSTO 24 2025 &nbsp; 5:00 AM &#8211; [&hellip;]<\/p>\n","protected":false},"author":1,"featured_media":0,"parent":0,"menu_order":0,"comment_status":"closed","ping_status":"closed","template":"","meta":{"_et_pb_use_builder":"on","_et_pb_old_content":"","_et_gb_content_width":"","footnotes":""},"yoast_head":"<!-- This site is optimized with the Yoast SEO plugin v21.7 - https:\/\/yoast.com\/wordpress\/plugins\/seo\/ -->\n<title>Time table - SGRAIL Colombia<\/title>\n<meta name=\"robots\" content=\"index, follow, max-snippet:-1, max-image-preview:large, max-video-preview:-1\" \/>\n<link rel=\"canonical\" href=\"https:\/\/www.sgrail.country\/colombia\/timetable\/\" \/>\n<meta property=\"og:locale\" content=\"es_ES\" \/>\n<meta property=\"og:type\" content=\"article\" \/>\n<meta property=\"og:title\" content=\"Time table - SGRAIL Colombia\" \/>\n<meta property=\"og:description\" content=\"Time table* &nbsp; AGOSTO 22 2025 2:00 PM - 5:00 PM - ENTREGA DE KITS 4:00 PM - 5K SOCIAL TRAIL AGOSTO 23 2025 &nbsp; 7:00 AM - GRAVEL SOCIAL RIDE 10:00 AM - 4:00 PM - ENTREGA DE KITS 5:00 PM - CHARLA T\u00c9CNICA + PARTY (BRIEFING) AGOSTO 24 2025 &nbsp; 5:00 AM - [&hellip;]\" \/>\n<meta property=\"og:url\" content=\"https:\/\/www.sgrail.country\/colombia\/timetable\/\" \/>\n<meta property=\"og:site_name\" content=\"SGRAIL Colombia\" \/>\n<meta property=\"article:modified_time\" content=\"2025-05-30T12:34:46+00:00\" \/>\n<meta name=\"twitter:card\" content=\"summary_large_image\" \/>\n<meta name=\"twitter:label1\" content=\"Tiempo estimado de lectura\" \/>\n\t<meta name=\"twitter:data1\" content=\"3 minutos\" \/>\n<script type=\"application\/ld+json\" class=\"yoast-schema-graph\">{\"@context\":\"https:\/\/schema.org\",\"@graph\":[{\"@type\":\"WebPage\",\"@id\":\"https:\/\/www.sgrail.country\/colombia\/timetable\/\",\"url\":\"https:\/\/www.sgrail.country\/colombia\/timetable\/\",\"name\":\"Time table - SGRAIL Colombia\",\"isPartOf\":{\"@id\":\"https:\/\/www.sgrail.country\/colombia\/#website\"},\"datePublished\":\"2021-09-25T10:45:24+00:00\",\"dateModified\":\"2025-05-30T12:34:46+00:00\",\"breadcrumb\":{\"@id\":\"https:\/\/www.sgrail.country\/colombia\/timetable\/#breadcrumb\"},\"inLanguage\":\"es-CO\",\"potentialAction\":[{\"@type\":\"ReadAction\",\"target\":[\"https:\/\/www.sgrail.country\/colombia\/timetable\/\"]}]},{\"@type\":\"BreadcrumbList\",\"@id\":\"https:\/\/www.sgrail.country\/colombia\/timetable\/#breadcrumb\",\"itemListElement\":[{\"@type\":\"ListItem\",\"position\":1,\"name\":\"Home\",\"item\":\"https:\/\/www.sgrail.country\/colombia\/\"},{\"@type\":\"ListItem\",\"position\":2,\"name\":\"Time table\"}]},{\"@type\":\"WebSite\",\"@id\":\"https:\/\/www.sgrail.country\/colombia\/#website\",\"url\":\"https:\/\/www.sgrail.country\/colombia\/\",\"name\":\"SGRAIL Colombia\",\"description\":\"SWIM - GRAVEL - TRAIL\",\"potentialAction\":[{\"@type\":\"SearchAction\",\"target\":{\"@type\":\"EntryPoint\",\"urlTemplate\":\"https:\/\/www.sgrail.country\/colombia\/?s={search_term_string}\"},\"query-input\":\"required name=search_term_string\"}],\"inLanguage\":\"es-CO\"}]}<\/script>\n<!-- \/ Yoast SEO plugin. -->","yoast_head_json":{"title":"Time table - SGRAIL Colombia","robots":{"index":"index","follow":"follow","max-snippet":"max-snippet:-1","max-image-preview":"max-image-preview:large","max-video-preview":"max-video-preview:-1"},"canonical":"https:\/\/www.sgrail.country\/colombia\/timetable\/","og_locale":"es_ES","og_type":"article","og_title":"Time table - SGRAIL Colombia","og_description":"Time table* &nbsp; AGOSTO 22 2025 2:00 PM - 5:00 PM - ENTREGA DE KITS 4:00 PM - 5K SOCIAL TRAIL AGOSTO 23 2025 &nbsp; 7:00 AM - GRAVEL SOCIAL RIDE 10:00 AM - 4:00 PM - ENTREGA DE KITS 5:00 PM - CHARLA T\u00c9CNICA + PARTY (BRIEFING) AGOSTO 24 2025 &nbsp; 5:00 AM - [&hellip;]","og_url":"https:\/\/www.sgrail.country\/colombia\/timetable\/","og_site_name":"SGRAIL Colombia","article_modified_time":"2025-05-30T12:34:46+00:00","twitter_card":"summary_large_image","twitter_misc":{"Tiempo estimado de lectura":"3 minutos"},"schema":{"@context":"https:\/\/schema.org","@graph":[{"@type":"WebPage","@id":"https:\/\/www.sgrail.country\/colombia\/timetable\/","url":"https:\/\/www.sgrail.country\/colombia\/timetable\/","name":"Time table - SGRAIL Colombia","isPartOf":{"@id":"https:\/\/www.sgrail.country\/colombia\/#website"},"datePublished":"2021-09-25T10:45:24+00:00","dateModified":"2025-05-30T12:34:46+00:00","breadcrumb":{"@id":"https:\/\/www.sgrail.country\/colombia\/timetable\/#breadcrumb"},"inLanguage":"es-CO","potentialAction":[{"@type":"ReadAction","target":["https:\/\/www.sgrail.country\/colombia\/timetable\/"]}]},{"@type":"BreadcrumbList","@id":"https:\/\/www.sgrail.country\/colombia\/timetable\/#breadcrumb","itemListElement":[{"@type":"ListItem","position":1,"name":"Home","item":"https:\/\/www.sgrail.country\/colombia\/"},{"@type":"ListItem","position":2,"name":"Time table"}]},{"@type":"WebSite","@id":"https:\/\/www.sgrail.country\/colombia\/#website","url":"https:\/\/www.sgrail.country\/colombia\/","name":"SGRAIL Colombia","description":"SWIM - GRAVEL - TRAIL","potentialAction":[{"@type":"SearchAction","target":{"@type":"EntryPoint","urlTemplate":"https:\/\/www.sgrail.country\/colombia\/?s={search_term_string}"},"query-input":"required name=search_term_string"}],"inLanguage":"es-CO"}]}},"_links":{"self":[{"href":"https:\/\/www.sgrail.country\/colombia\/wp-json\/wp\/v2\/pages\/33"}],"collection":[{"href":"https:\/\/www.sgrail.country\/colombia\/wp-json\/wp\/v2\/pages"}],"about":[{"href":"https:\/\/www.sgrail.country\/colombia\/wp-json\/wp\/v2\/types\/page"}],"author":[{"embeddable":true,"href":"https:\/\/www.sgrail.country\/colombia\/wp-json\/wp\/v2\/users\/1"}],"replies":[{"embeddable":true,"href":"https:\/\/www.sgrail.country\/colombia\/wp-json\/wp\/v2\/comments?post=33"}],"version-history":[{"count":79,"href":"https:\/\/www.sgrail.country\/colombia\/wp-json\/wp\/v2\/pages\/33\/revisions"}],"predecessor-version":[{"id":1919,"href":"https:\/\/www.sgrail.country\/colombia\/wp-json\/wp\/v2\/pages\/33\/revisions\/1919"}],"wp:attachment":[{"href":"https:\/\/www.sgrail.country\/colombia\/wp-json\/wp\/v2\/media?parent=33"}],"curies":[{"name":"wp","href":"https:\/\/api.w.org\/{rel}","templated":true}]}}