{"id":41,"date":"2021-09-25T10:33:40","date_gmt":"2021-09-25T10:33:40","guid":{"rendered":"https:\/\/www.sgrail.country\/silvaplana.com\/?page_id=41"},"modified":"2026-03-23T18:22:56","modified_gmt":"2026-03-23T17:22:56","slug":"rent-sleep-stay","status":"publish","type":"page","link":"https:\/\/www.sgrail.country\/silvaplana\/rent-sleep-stay\/","title":{"rendered":"Rent \/ Sleep \/ Stay"},"content":{"rendered":"\n[et_pb_section fb_built=&#8220;1&#8243; fullwidth=&#8220;on&#8220; _builder_version=&#8220;4.16&#8243; _module_preset=&#8220;default&#8220; global_colors_info=&#8220;{}&#8220;][et_pb_fullwidth_image src=&#8220;https:\/\/www.sgrail.country\/silvaplana\/wp-content\/uploads\/2024\/12\/Silvaplana_TRAIL2.jpg&#8220; title_text=&#8220;Silvaplana_TRAIL2&#8243; _builder_version=&#8220;4.27.4&#8243; _module_preset=&#8220;default&#8220; global_colors_info=&#8220;{}&#8220;][\/et_pb_fullwidth_image][\/et_pb_section][et_pb_section fb_built=&#8220;1&#8243; admin_label=&#8220;About&#8220; _builder_version=&#8220;4.16&#8243; custom_padding=&#8220;90px||90px|&#8220; global_colors_info=&#8220;{}&#8220;][et_pb_row _builder_version=&#8220;4.16&#8243; custom_margin=&#8220;|||&#8220; custom_padding=&#8220;27px|||||&#8220; global_colors_info=&#8220;{}&#8220;][et_pb_column type=&#8220;4_4&#8243; _builder_version=&#8220;4.16&#8243; custom_padding=&#8220;|||&#8220; global_colors_info=&#8220;{}&#8220; custom_padding__hover=&#8220;|||&#8220;][et_pb_text admin_label=&#8220;Title&#8220; _builder_version=&#8220;4.27.4&#8243; text_font=&#8220;Montserrat|300|||||||&#8220; text_font_size=&#8220;20px&#8220; text_line_height=&#8220;1.8em&#8220; header_font=&#8220;||||||||&#8220; header_2_font=&#8220;Montserrat|500|||||||&#8220; header_2_text_align=&#8220;center&#8220; header_2_font_size=&#8220;30px&#8220; header_2_line_height=&#8220;1.4em&#8220; text_orientation=&#8220;center&#8220; max_width=&#8220;700px&#8220; module_alignment=&#8220;center&#8220; animation_style=&#8220;fade&#8220; animation_direction=&#8220;right&#8220; global_colors_info=&#8220;{}&#8220;]<h2>Unsere SGRAIL HEIMAT<\/h2>\n<h4>Hilfreiche Links zur Region<\/h4>[\/et_pb_text][\/et_pb_column][\/et_pb_row][et_pb_row _builder_version=&#8220;4.27.4&#8243; _module_preset=&#8220;default&#8220; global_colors_info=&#8220;{}&#8220;][et_pb_column type=&#8220;4_4&#8243; _builder_version=&#8220;4.16&#8243; _module_preset=&#8220;default&#8220; global_colors_info=&#8220;{}&#8220;][et_pb_tabs _builder_version=&#8220;4.27.4&#8243; _module_preset=&#8220;default&#8220; link_option_url_new_window=&#8220;on&#8220; global_colors_info=&#8220;{}&#8220;][et_pb_tab title=&#8220;SILVAPLANA&#8220; _builder_version=&#8220;4.27.4&#8243; _module_preset=&#8220;default&#8220; global_colors_info=&#8220;{}&#8220;]<section class=\"av_textblock_section \">\n<div class=\"avia_textblock \">\n<p>Silvaplana liegt im Herzen der Oberengadiner Seenlandschaft, umgeben von beeindruckenden Dreitausendern wie dem Piz Julier, Piz Surlej und dem Hausberg Corvatsch.<\/p>\n<p>In Silvaplana wird das Leben gefeiert \u2013 es gilt als der lebendige, junge Ort im Engadin und bietet mit den drei Ortsteilen Silvaplana, Champf\u00e8r und Surlej vielf\u00e4ltige Sportm\u00f6glichkeiten.<\/p>\n<p>Im Winter verwandelt sich der See in ein Meer aus Eis und Schnee. Wer es nicht weiss, erahnt hier nicht das eben beschriebene Schauspiel im Sommer. Im Winter ist Silvaplana jedoch nicht weniger angesagt \u2013 es zieht vor allem Freestyler in den Ort.<\/p>\n<\/div>\n<\/section>\n<div>\n<p><a href=\"https:\/\/silvaplana.ch\/\"> https:\/\/silvaplana.ch\/<\/a><\/p>\n<p><strong><span style=\"text-decoration: underline;\">HOTEL<\/span><\/strong><\/p>\n<p>Das <strong>Albana Hotel<\/strong> ist ein Familienbetrieb im Herzen von Silvaplana mit einem Wellnessbereich, zwei Restaurants und einem exklusiven SGRAIL Package.<\/p>\n<p><a href=\"https:\/\/hotelalbana.ch\/packages\/sommer-packages\/sgrail-package\" target=\"_blank\" rel=\"noopener\">ALBANA HOTEL SGRAIL Package buchen<\/a><\/p>\n<p>Die <strong>Conrad\u2019s Mountain Lodge<\/strong> ist unser SGRAIL Team Hotelpartner.<\/p>\n<p><a href=\"https:\/\/www.cm-lodge.com\" target=\"_blank\" rel=\"noopener\">CONRAD&#8217;S MOUNTAIN LODGE buchen<\/a><\/p>\n<\/div>\n<p>\n<script type=\"text\/javascript\">    (function(d, sc, u) {      var s = d.createElement(sc), p = d.getElementsByTagName(sc)[0];      s.type = 'text\/javascript';      s.async = true;      s.src = u + '?v=' + (+new Date());      p.parentNode.insertBefore(s,p);      })(document, 'script', '\/\/cf.bstatic.com\/static\/affiliate_base\/js\/flexiproduct.js');<\/script>\n<\/p>[\/et_pb_tab][et_pb_tab title=&#8220;ST.MORITZ&#8220; _builder_version=&#8220;4.27.4&#8243; _module_preset=&#8220;default&#8220; global_colors_info=&#8220;{}&#8220;]<p>St. Moritz liegt im S\u00fcdosten der Schweiz im Engadin, dem s\u00fcdlichen Teil des Kantons Graub\u00fcnden. St. Moritz ist mit Kunst, Kultur, Shopping und den vielen Events vor allem eins: abwechslungsreich. Der Geburtsort des alpinen Wintersports ist beliebt wegen seiner F\u00fclle an Outdoor-Sportarten und der vielen Sonnentage.<\/p>\n<p><a href=\"https:\/\/www.stmoritz.com\/\">https:\/\/www.stmoritz.com\/<\/a><\/p>\n<p>&nbsp;<\/p>\n<p><strong><span style=\"text-decoration: underline;\">HOTELS<\/span><\/strong><\/p>\n<p><strong>Hotel Laudinella<\/strong><\/p>\n<p>Hotel Laudinella \u2013 St. Moritz: Genuss mitten im Gr\u00fcnen.<\/p>\n<p>Das Hotel ist das gesamte Jahr ge\u00f6ffnet und bietet vielf\u00e4ltige Angebote zu attraktiven Preisen.<\/p>\n<p>Alle Teilnehmende des SGRAIL78 erhalten mit folgendem Code 15% Rabatt: <strong>SGRAIL26<\/strong><\/p>\n<p><a href=\"https:\/\/www.laudinella.ch\/\" target=\"_blank\" rel=\"noopener\">www.laudinella.ch<\/a><\/p>[\/et_pb_tab][et_pb_tab title=&#8220;SILS&#8220; _builder_version=&#8220;4.27.4&#8243; _module_preset=&#8220;default&#8220; global_colors_info=&#8220;{}&#8220;]<p>Sils Maria ist ein Dorf mit rund 800 Einwohnern, in dem Tourismus Tradition hat und seit \u00fcber 100 Jahren gelebt wird. Seit Friedrich Nietzsche, der Philosoph und Dichter, Sils zum \u00ablieblichsten Winkel der Erde\u00bb erkl\u00e4rte, haben SchriftstellerInnen, MusikerInnen und MalerInnen das Dorf besucht und sch\u00e4tzen gelernt. In perfekter Harmonie und eingebettet in die majest\u00e4tische Landschaft des Oberengadins ist Sils seit jeher ein R\u00fcckzugs- und Erholungsort.<\/p>\n<p><a href=\"https:\/\/www.sils.ch\">www.sils.ch<\/a><\/p>\n<p><strong><span style=\"text-decoration: underline;\">HOTEL<\/span><\/strong><\/p>\n<p><strong>Hotel Schweizerhof Sils-Maria &#8211; Ihr R\u00fcckzugsort f\u00fcr Triathlon &amp; Trailrunning<\/strong><\/p>\n<p>Mitten im idyllischen Sils-Maria gelegen, bietet der Schweizerhof eine perfekte Kombination aus Ruhe und zentraler Lage \u2013 ideal f\u00fcr Triathleten und Trailrunner.\u00a0<\/p>\n<p>Als Trailrunning Hotel heissen wir Sportler herzlich willkommen \u2013 ob zur Vorbereitung, Regeneration oder einfach zum Geniessen.<\/p>\n<p><a href=\"https:\/\/www.faernresorts.com\/sils-maria\" target=\"_blank\" rel=\"noopener\">Hotel Schweizerhof Sils<\/a><\/p>\n<p><em>F\u00fcr Teilnehmer:innen des SGRAIL78 Silvaplana bietet das Hotel Schweizerhof 15% Erm\u00e4ssigung auf den tagesaktuellen Zimmerpreis (g\u00fcltig f\u00fcr alle Zimmerkategorien), inkl. eines reichhaltigen Fr\u00fchst\u00fccksbuffets und Halbpensionsmen\u00fc zum Vorzugspreis von CHF 45. Mit dem Code <strong>SGRAIL26SHS<\/strong> kannst Du Dein Zimmer direkt auf der Webseite buchen.<\/em><\/p>[\/et_pb_tab][et_pb_tab title=&#8220;ENGADIN&#8220; _builder_version=&#8220;4.27.4&#8243; _module_preset=&#8220;default&#8220; link_option_url=&#8220;https:\/\/www.engadin.ch&#8220; link_option_url_new_window=&#8220;on&#8220; global_colors_info=&#8220;{}&#8220;]<div class=\"OHxqsf-share-HSrbLb-text\">\n<div jstcache=\"1758\" jsinstance=\"*0\" class=\"OHxqsf-share-HSrbLb-VdSJob\" jsan=\"7.OHxqsf-share-HSrbLb-VdSJob\">Das Engadin \u2013 ein Traumziel f\u00fcr Sportler, die Natur, Herausforderung und Abwechslung lieben! Inmitten der imposanten Schweizer Alpen bietet das sonnige Hochtal das ganze Jahr \u00fcber ideale Bedingungen f\u00fcr aktive Erholung. Im Sommer erwarten Sie unz\u00e4hlige Wander- und Trailrunning-Routen, spektakul\u00e4re Mountainbike-Trails und glasklare Bergseen f\u00fcr Wassersportarten wie Kitesurfen und Stand-up-Paddling. Im Winter verwandelt sich das Engadin in ein Eldorado f\u00fcr Wintersportler: Langlaufloipen, endlose Skipisten, Snowparks und anspruchsvolle Skitouren lassen jedes Sportlerherz h\u00f6herschlagen. Ob Profi oder Hobbysportler \u2013 das Engadin bietet die perfekte Kombination aus Naturerlebnis, sportlicher Herausforderung und regenerierender Ruhe inmitten einer atemberaubenden Alpenkulisse.<\/div>\n<div jstcache=\"1758\" jsinstance=\"*0\" class=\"OHxqsf-share-HSrbLb-VdSJob\" jsan=\"7.OHxqsf-share-HSrbLb-VdSJob\"><a href=\"https:\/\/www.engadin.ch\">https:\/\/www.engadin.ch<\/a><\/div>\n<div jstcache=\"1758\" jsinstance=\"*0\" class=\"OHxqsf-share-HSrbLb-VdSJob\" jsan=\"7.OHxqsf-share-HSrbLb-VdSJob\"><\/div>\n<div jstcache=\"1758\" jsinstance=\"*0\" class=\"OHxqsf-share-HSrbLb-VdSJob\" jsan=\"7.OHxqsf-share-HSrbLb-VdSJob\"><\/div>\n<div jstcache=\"1758\" jsinstance=\"*0\" class=\"OHxqsf-share-HSrbLb-VdSJob\" jsan=\"7.OHxqsf-share-HSrbLb-VdSJob\"><\/div>\n<div jstcache=\"1758\" jsinstance=\"*0\" class=\"OHxqsf-share-HSrbLb-VdSJob\" jsan=\"7.OHxqsf-share-HSrbLb-VdSJob\"><\/div>\n<div jstcache=\"1758\" jsinstance=\"*0\" class=\"OHxqsf-share-HSrbLb-VdSJob\" jsan=\"7.OHxqsf-share-HSrbLb-VdSJob\"><\/div>\n<div jstcache=\"1758\" jsinstance=\"*0\" class=\"OHxqsf-share-HSrbLb-VdSJob\" jsan=\"7.OHxqsf-share-HSrbLb-VdSJob\"><\/div>\n<\/div>[\/et_pb_tab][et_pb_tab title=&#8220;CAMPING&#8220; _builder_version=&#8220;4.27.4&#8243; _module_preset=&#8220;default&#8220; global_colors_info=&#8220;{}&#8220;]<p><span style=\"text-decoration: underline;\"><strong>CAMPING:<\/strong><\/span><\/p>\n<p>Der Camping Silvaplana liegt in der N\u00e4he von St. Moritz direkt am Ufer des Silvaplanersees. Das friedliche und unkomplizierte Zusammenleben zwischen Windsurfern und Kitesurfern, Wanderern und Bikern, Kindern und Erwachsenen, Saisoniers und Tagestouristen erm\u00f6glicht eine herzliche und einmalige Atmosph\u00e4re auf dem Campingplatz<\/p>\n<p><a href=\"%20https:\/\/campingsilvaplana.ch\/campingplatz\/\" target=\"_blank\" rel=\"noopener\">Link zum CAMPINGPLATZ\u00a0<\/a><\/p>\n<p><strong><span style=\"text-decoration: underline;\">Anmerkung:<\/span><\/strong> Bei gutem Wetter kann es sein, dass der Campingplatz Freitagnachmittag voll ist. Es gilt das Prinzip: First come first serve. Wir empfehlen Donnerstagabend anzureisen.<\/p>\n<p>Eine weitere M\u00f6glichkeit ist der Campingplatz in St. Moritz: <a href=\"https:\/\/camping-stmoritz.ch\/\">Camping St.Moritz<\/a><\/p>[\/et_pb_tab][\/et_pb_tabs][\/et_pb_column][\/et_pb_row][et_pb_row column_structure=&#8220;1_4,1_4,1_4,1_4&#8243; _builder_version=&#8220;4.27.4&#8243; _module_preset=&#8220;default&#8220; global_colors_info=&#8220;{}&#8220;][et_pb_column type=&#8220;1_4&#8243; _builder_version=&#8220;4.27.4&#8243; _module_preset=&#8220;default&#8220; global_colors_info=&#8220;{}&#8220;][et_pb_image src=&#8220;https:\/\/www.sgrail.country\/silvaplana\/wp-content\/uploads\/2025\/02\/AlbanaHp.png&#8220; title_text=&#8220;AlbanaHp&#8220; url=&#8220;https:\/\/hotelalbana.ch\/packages\/sommer-packages\/sgrail-package&#8220; url_new_window=&#8220;on&#8220; _builder_version=&#8220;4.27.4&#8243; _module_preset=&#8220;default&#8220; global_colors_info=&#8220;{}&#8220;][\/et_pb_image][\/et_pb_column][et_pb_column type=&#8220;1_4&#8243; _builder_version=&#8220;4.27.4&#8243; _module_preset=&#8220;default&#8220; global_colors_info=&#8220;{}&#8220;][et_pb_image src=&#8220;https:\/\/www.sgrail.country\/silvaplana\/wp-content\/uploads\/2025\/02\/ConradsHP.png&#8220; title_text=&#8220;ConradsHP&#8220; url=&#8220;https:\/\/www.cm-lodge.com\/&#8220; url_new_window=&#8220;on&#8220; _builder_version=&#8220;4.27.4&#8243; _module_preset=&#8220;default&#8220; global_colors_info=&#8220;{}&#8220;][\/et_pb_image][\/et_pb_column][et_pb_column type=&#8220;1_4&#8243; _builder_version=&#8220;4.27.4&#8243; _module_preset=&#8220;default&#8220; global_colors_info=&#8220;{}&#8220;][et_pb_image src=&#8220;https:\/\/www.sgrail.country\/silvaplana\/wp-content\/uploads\/2025\/05\/Schweizerhof_hP.png&#8220; title_text=&#8220;Schweizerhof_hP&#8220; url=&#8220;https:\/\/www.faernresorts.com\/sils-maria&#8220; url_new_window=&#8220;on&#8220; _builder_version=&#8220;4.27.4&#8243; _module_preset=&#8220;default&#8220; global_colors_info=&#8220;{}&#8220;][\/et_pb_image][\/et_pb_column][et_pb_column type=&#8220;1_4&#8243; _builder_version=&#8220;4.27.4&#8243; _module_preset=&#8220;default&#8220; global_colors_info=&#8220;{}&#8220;][et_pb_image src=&#8220;https:\/\/www.sgrail.country\/silvaplana\/wp-content\/uploads\/2025\/11\/LaudinellaHPNew.png&#8220; title_text=&#8220;LaudinellaHPNew&#8220; url=&#8220;https:\/\/www.laudinella.ch\/&#8220; _builder_version=&#8220;4.27.4&#8243; _module_preset=&#8220;default&#8220; global_colors_info=&#8220;{}&#8220;][\/et_pb_image][\/et_pb_column][\/et_pb_row][\/et_pb_section][et_pb_section fb_built=&#8220;1&#8243; admin_label=&#8220;FAQ&#8220; _builder_version=&#8220;4.16&#8243; custom_padding=&#8220;90px|0px|90px|0px&#8220; global_colors_info=&#8220;{}&#8220;][\/et_pb_section]\n","protected":false},"excerpt":{"rendered":"<p>Unsere SGRAIL HEIMAT Hilfreiche Links zur Region Silvaplana liegt im Herzen der Oberengadiner Seenlandschaft, umgeben von beeindruckenden Dreitausendern wie dem Piz Julier, Piz Surlej und dem Hausberg Corvatsch. In Silvaplana wird das Leben gefeiert \u2013 es gilt als der lebendige, junge Ort im Engadin und bietet mit den drei Ortsteilen Silvaplana, Champf\u00e8r und Surlej vielf\u00e4ltige [&hellip;]<\/p>\n","protected":false},"author":1,"featured_media":0,"parent":0,"menu_order":0,"comment_status":"closed","ping_status":"closed","template":"","meta":{"_et_pb_use_builder":"on","_et_pb_old_content":"","_et_gb_content_width":"","footnotes":""},"class_list":["post-41","page","type-page","status-publish","hentry"],"yoast_head":"<!-- This site is optimized with the Yoast SEO plugin v25.8 - https:\/\/yoast.com\/wordpress\/plugins\/seo\/ -->\n<title>Rent \/ Sleep \/ Stay - SGRAIL SILVAPLANA<\/title>\n<meta name=\"description\" content=\"Finde deine Unterkunft in Silvaplana zum SGRAIL78. Infos zu Partner-Hotels, Camping &amp; Velo-Miete im Engadin. Jetzt deinen Aufenthalt planen!\" \/>\n<meta name=\"robots\" content=\"index, follow, max-snippet:-1, max-image-preview:large, max-video-preview:-1\" \/>\n<link rel=\"canonical\" href=\"https:\/\/www.sgrail.country\/silvaplana\/rent-sleep-stay\/\" \/>\n<meta property=\"og:locale\" content=\"de_DE\" \/>\n<meta property=\"og:type\" content=\"article\" \/>\n<meta property=\"og:title\" content=\"Rent \/ Sleep \/ Stay - SGRAIL SILVAPLANA\" \/>\n<meta property=\"og:description\" content=\"Finde deine Unterkunft in Silvaplana zum SGRAIL78. Infos zu Partner-Hotels, Camping &amp; Velo-Miete im Engadin. Jetzt deinen Aufenthalt planen!\" \/>\n<meta property=\"og:url\" content=\"https:\/\/www.sgrail.country\/silvaplana\/rent-sleep-stay\/\" \/>\n<meta property=\"og:site_name\" content=\"SGRAIL SILVAPLANA\" \/>\n<meta property=\"article:publisher\" content=\"https:\/\/www.facebook.com\/p\/Sgrail-Country-61574893363284\/\" \/>\n<meta property=\"article:modified_time\" content=\"2026-03-23T17:22:56+00:00\" \/>\n<meta name=\"twitter:card\" content=\"summary_large_image\" \/>\n<meta name=\"twitter:label1\" content=\"Gesch\u00e4tzte Lesezeit\" \/>\n\t<meta name=\"twitter:data1\" content=\"5\u00a0Minuten\" \/>\n<script type=\"application\/ld+json\" class=\"yoast-schema-graph\">{\"@context\":\"https:\/\/schema.org\",\"@graph\":[{\"@type\":\"WebPage\",\"@id\":\"https:\/\/www.sgrail.country\/silvaplana\/rent-sleep-stay\/\",\"url\":\"https:\/\/www.sgrail.country\/silvaplana\/rent-sleep-stay\/\",\"name\":\"Rent \/ Sleep \/ Stay - SGRAIL SILVAPLANA\",\"isPartOf\":{\"@id\":\"https:\/\/www.sgrail.country\/silvaplana\/#website\"},\"datePublished\":\"2021-09-25T10:33:40+00:00\",\"dateModified\":\"2026-03-23T17:22:56+00:00\",\"description\":\"Finde deine Unterkunft in Silvaplana zum SGRAIL78. Infos zu Partner-Hotels, Camping & Velo-Miete im Engadin. Jetzt deinen Aufenthalt planen!\",\"breadcrumb\":{\"@id\":\"https:\/\/www.sgrail.country\/silvaplana\/rent-sleep-stay\/#breadcrumb\"},\"inLanguage\":\"de\",\"potentialAction\":[{\"@type\":\"ReadAction\",\"target\":[\"https:\/\/www.sgrail.country\/silvaplana\/rent-sleep-stay\/\"]}]},{\"@type\":\"BreadcrumbList\",\"@id\":\"https:\/\/www.sgrail.country\/silvaplana\/rent-sleep-stay\/#breadcrumb\",\"itemListElement\":[{\"@type\":\"ListItem\",\"position\":1,\"name\":\"Home\",\"item\":\"https:\/\/www.sgrail.country\/silvaplana\/\"},{\"@type\":\"ListItem\",\"position\":2,\"name\":\"Rent \/ Sleep \/ Stay\"}]},{\"@type\":\"WebSite\",\"@id\":\"https:\/\/www.sgrail.country\/silvaplana\/#website\",\"url\":\"https:\/\/www.sgrail.country\/silvaplana\/\",\"name\":\"SGRAIL SILVAPLANA\",\"description\":\"SWIM - GRAVEL - TRAIL\",\"publisher\":{\"@id\":\"https:\/\/www.sgrail.country\/silvaplana\/#organization\"},\"potentialAction\":[{\"@type\":\"SearchAction\",\"target\":{\"@type\":\"EntryPoint\",\"urlTemplate\":\"https:\/\/www.sgrail.country\/silvaplana\/?s={search_term_string}\"},\"query-input\":{\"@type\":\"PropertyValueSpecification\",\"valueRequired\":true,\"valueName\":\"search_term_string\"}}],\"inLanguage\":\"de\"},{\"@type\":\"Organization\",\"@id\":\"https:\/\/www.sgrail.country\/silvaplana\/#organization\",\"name\":\"SGRAIL SILVAPLANA\",\"url\":\"https:\/\/www.sgrail.country\/silvaplana\/\",\"logo\":{\"@type\":\"ImageObject\",\"inLanguage\":\"de\",\"@id\":\"https:\/\/www.sgrail.country\/silvaplana\/#\/schema\/logo\/image\/\",\"url\":\"https:\/\/www.sgrail.country\/silvaplana\/wp-content\/uploads\/2025\/12\/sgrail78-Logo_silvaplana.jpg\",\"contentUrl\":\"https:\/\/www.sgrail.country\/silvaplana\/wp-content\/uploads\/2025\/12\/sgrail78-Logo_silvaplana.jpg\",\"width\":1318,\"height\":740,\"caption\":\"SGRAIL SILVAPLANA\"},\"image\":{\"@id\":\"https:\/\/www.sgrail.country\/silvaplana\/#\/schema\/logo\/image\/\"},\"sameAs\":[\"https:\/\/www.facebook.com\/p\/Sgrail-Country-61574893363284\/\",\"https:\/\/www.instagram.com\/sgrail.country\/\"]}]}<\/script>\n<!-- \/ Yoast SEO plugin. -->","yoast_head_json":{"title":"Rent \/ Sleep \/ Stay - SGRAIL SILVAPLANA","description":"Finde deine Unterkunft in Silvaplana zum SGRAIL78. Infos zu Partner-Hotels, Camping & Velo-Miete im Engadin. Jetzt deinen Aufenthalt planen!","robots":{"index":"index","follow":"follow","max-snippet":"max-snippet:-1","max-image-preview":"max-image-preview:large","max-video-preview":"max-video-preview:-1"},"canonical":"https:\/\/www.sgrail.country\/silvaplana\/rent-sleep-stay\/","og_locale":"de_DE","og_type":"article","og_title":"Rent \/ Sleep \/ Stay - SGRAIL SILVAPLANA","og_description":"Finde deine Unterkunft in Silvaplana zum SGRAIL78. Infos zu Partner-Hotels, Camping & Velo-Miete im Engadin. Jetzt deinen Aufenthalt planen!","og_url":"https:\/\/www.sgrail.country\/silvaplana\/rent-sleep-stay\/","og_site_name":"SGRAIL SILVAPLANA","article_publisher":"https:\/\/www.facebook.com\/p\/Sgrail-Country-61574893363284\/","article_modified_time":"2026-03-23T17:22:56+00:00","twitter_card":"summary_large_image","twitter_misc":{"Gesch\u00e4tzte Lesezeit":"5\u00a0Minuten"},"schema":{"@context":"https:\/\/schema.org","@graph":[{"@type":"WebPage","@id":"https:\/\/www.sgrail.country\/silvaplana\/rent-sleep-stay\/","url":"https:\/\/www.sgrail.country\/silvaplana\/rent-sleep-stay\/","name":"Rent \/ Sleep \/ Stay - SGRAIL SILVAPLANA","isPartOf":{"@id":"https:\/\/www.sgrail.country\/silvaplana\/#website"},"datePublished":"2021-09-25T10:33:40+00:00","dateModified":"2026-03-23T17:22:56+00:00","description":"Finde deine Unterkunft in Silvaplana zum SGRAIL78. Infos zu Partner-Hotels, Camping & Velo-Miete im Engadin. Jetzt deinen Aufenthalt planen!","breadcrumb":{"@id":"https:\/\/www.sgrail.country\/silvaplana\/rent-sleep-stay\/#breadcrumb"},"inLanguage":"de","potentialAction":[{"@type":"ReadAction","target":["https:\/\/www.sgrail.country\/silvaplana\/rent-sleep-stay\/"]}]},{"@type":"BreadcrumbList","@id":"https:\/\/www.sgrail.country\/silvaplana\/rent-sleep-stay\/#breadcrumb","itemListElement":[{"@type":"ListItem","position":1,"name":"Home","item":"https:\/\/www.sgrail.country\/silvaplana\/"},{"@type":"ListItem","position":2,"name":"Rent \/ Sleep \/ Stay"}]},{"@type":"WebSite","@id":"https:\/\/www.sgrail.country\/silvaplana\/#website","url":"https:\/\/www.sgrail.country\/silvaplana\/","name":"SGRAIL SILVAPLANA","description":"SWIM - GRAVEL - TRAIL","publisher":{"@id":"https:\/\/www.sgrail.country\/silvaplana\/#organization"},"potentialAction":[{"@type":"SearchAction","target":{"@type":"EntryPoint","urlTemplate":"https:\/\/www.sgrail.country\/silvaplana\/?s={search_term_string}"},"query-input":{"@type":"PropertyValueSpecification","valueRequired":true,"valueName":"search_term_string"}}],"inLanguage":"de"},{"@type":"Organization","@id":"https:\/\/www.sgrail.country\/silvaplana\/#organization","name":"SGRAIL SILVAPLANA","url":"https:\/\/www.sgrail.country\/silvaplana\/","logo":{"@type":"ImageObject","inLanguage":"de","@id":"https:\/\/www.sgrail.country\/silvaplana\/#\/schema\/logo\/image\/","url":"https:\/\/www.sgrail.country\/silvaplana\/wp-content\/uploads\/2025\/12\/sgrail78-Logo_silvaplana.jpg","contentUrl":"https:\/\/www.sgrail.country\/silvaplana\/wp-content\/uploads\/2025\/12\/sgrail78-Logo_silvaplana.jpg","width":1318,"height":740,"caption":"SGRAIL SILVAPLANA"},"image":{"@id":"https:\/\/www.sgrail.country\/silvaplana\/#\/schema\/logo\/image\/"},"sameAs":["https:\/\/www.facebook.com\/p\/Sgrail-Country-61574893363284\/","https:\/\/www.instagram.com\/sgrail.country\/"]}]}},"_links":{"self":[{"href":"https:\/\/www.sgrail.country\/silvaplana\/wp-json\/wp\/v2\/pages\/41","targetHints":{"allow":["GET"]}}],"collection":[{"href":"https:\/\/www.sgrail.country\/silvaplana\/wp-json\/wp\/v2\/pages"}],"about":[{"href":"https:\/\/www.sgrail.country\/silvaplana\/wp-json\/wp\/v2\/types\/page"}],"author":[{"embeddable":true,"href":"https:\/\/www.sgrail.country\/silvaplana\/wp-json\/wp\/v2\/users\/1"}],"replies":[{"embeddable":true,"href":"https:\/\/www.sgrail.country\/silvaplana\/wp-json\/wp\/v2\/comments?post=41"}],"version-history":[{"count":59,"href":"https:\/\/www.sgrail.country\/silvaplana\/wp-json\/wp\/v2\/pages\/41\/revisions"}],"predecessor-version":[{"id":3166,"href":"https:\/\/www.sgrail.country\/silvaplana\/wp-json\/wp\/v2\/pages\/41\/revisions\/3166"}],"wp:attachment":[{"href":"https:\/\/www.sgrail.country\/silvaplana\/wp-json\/wp\/v2\/media?parent=41"}],"curies":[{"name":"wp","href":"https:\/\/api.w.org\/{rel}","templated":true}]}}