{"id":49,"date":"2021-09-25T10:45:31","date_gmt":"2021-09-25T10:45:31","guid":{"rendered":"https:\/\/www.sgrail.country\/silvaplana.com\/?page_id=49"},"modified":"2026-04-23T14:34:31","modified_gmt":"2026-04-23T12:34:31","slug":"sign-up","status":"publish","type":"page","link":"https:\/\/www.sgrail.country\/silvaplana\/sign-up\/","title":{"rendered":"Register now!"},"content":{"rendered":"<p>[et_pb_section fb_built=&#8220;1&#8243; _builder_version=&#8220;4.16&#8243; _module_preset=&#8220;default&#8220; global_colors_info=&#8220;{}&#8220;][et_pb_row _builder_version=&#8220;4.27.4&#8243; _module_preset=&#8220;default&#8220; min_height=&#8220;69.7px&#8220; custom_padding=&#8220;||0px|||&#8220; global_colors_info=&#8220;{}&#8220;][et_pb_column type=&#8220;4_4&#8243; _builder_version=&#8220;4.27.4&#8243; _module_preset=&#8220;default&#8220; global_colors_info=&#8220;{}&#8220;][et_pb_text _builder_version=&#8220;4.27.4&#8243; _module_preset=&#8220;default&#8220; min_height=&#8220;41px&#8220; custom_padding=&#8220;10px||48px|||&#8220; global_colors_info=&#8220;{}&#8220;]<\/p>\n<h1 style=\"text-align: center;\">ANMELDUNG<\/h1>\n<p>[\/et_pb_text][et_pb_text _builder_version=&#8220;4.27.4&#8243; _module_preset=&#8220;default&#8220; hover_enabled=&#8220;0&#8243; global_colors_info=&#8220;{}&#8220; sticky_enabled=&#8220;0&#8243;]<\/p>\n<p style=\"text-align: center;\"><span style=\"font-size: large;\">Alles im Startgeld enthalten \u2013 das ganze Wochenende \u00fcber gibt&#8217;s Kaffee, Kuchen, Red Bull und Bier uvm. gratis. Dazu eine warme Finisher-Mahlzeit, Pizokel Plausch (Carbo-Loading am Freitag), Aid Stations Gels &amp; Co und lokalen Spezialit\u00e4ten, ein volles Event-Programm von Freitag bis Sonntag und ein Starter Bag mit Ryzon Teilnehmergeschenk, Sailfish Badekappe, Maurten Bidon und mehr.<\/span><\/p>\n<p style=\"text-align: center;\"><span style=\"font-size: large;\">Keine Extras, kein Nachzahlen \u2013 einfach ankommen und geniessen.<\/span><\/p>\n<p>[\/et_pb_text][et_pb_text _builder_version=&#8220;4.27.4&#8243; _module_preset=&#8220;default&#8220; hover_enabled=&#8220;0&#8243; global_colors_info=&#8220;{}&#8220; sticky_enabled=&#8220;0&#8243;]<\/p>\n<p style=\"text-align: center;\"><strong><span style=\"text-decoration: underline;\">STARTGELD (CHF):<\/span><\/strong><\/p>\n<p style=\"text-align: center;\">SGRAIL78 349,- \/\/ SGRAIL78 LITE 319,- *<\/p>\n<p style=\"text-align: center;\">SGRAIL78 TEAM 749,- * \/\/ KIDS DUATHLON 15,-<\/p>\n<p>[\/et_pb_text][et_pb_button button_url=&#8220;https:\/\/www.sgrail.country\/silvaplana\/registerform&#8220; button_text=&#8220;ANMELDUNG &#8211; REGISTRATION&#8220; button_alignment=&#8220;center&#8220; _builder_version=&#8220;4.27.4&#8243; _module_preset=&#8220;default&#8220; global_colors_info=&#8220;{}&#8220;][\/et_pb_button][et_pb_text _builder_version=&#8220;4.27.4&#8243; _module_preset=&#8220;default&#8220; min_height=&#8220;94px&#8220; custom_padding=&#8220;10px||18px|||&#8220; global_colors_info=&#8220;{}&#8220;]<\/p>\n<h2 style=\"text-align: center;\">What you get<\/h2>\n<p>[\/et_pb_text][\/et_pb_column][\/et_pb_row][et_pb_row column_structure=&#8220;1_3,1_3,1_3&#8243; _builder_version=&#8220;4.27.4&#8243; _module_preset=&#8220;default&#8220; global_colors_info=&#8220;{}&#8220;][et_pb_column type=&#8220;1_3&#8243; _builder_version=&#8220;4.27.4&#8243; _module_preset=&#8220;default&#8220; global_colors_info=&#8220;{}&#8220;][et_pb_image src=&#8220;https:\/\/www.sgrail.country\/silvaplana\/wp-content\/uploads\/2026\/03\/3-3.png&#8220; title_text=&#8220;3&#8243; _builder_version=&#8220;4.27.4&#8243; _module_preset=&#8220;default&#8220; global_colors_info=&#8220;{}&#8220;][\/et_pb_image][\/et_pb_column][et_pb_column type=&#8220;1_3&#8243; _builder_version=&#8220;4.27.4&#8243; _module_preset=&#8220;default&#8220; global_colors_info=&#8220;{}&#8220;][et_pb_image src=&#8220;https:\/\/www.sgrail.country\/silvaplana\/wp-content\/uploads\/2026\/03\/2-3.png&#8220; title_text=&#8220;2&#8243; _builder_version=&#8220;4.27.4&#8243; _module_preset=&#8220;default&#8220; global_colors_info=&#8220;{}&#8220;][\/et_pb_image][\/et_pb_column][et_pb_column type=&#8220;1_3&#8243; _builder_version=&#8220;4.27.4&#8243; _module_preset=&#8220;default&#8220; global_colors_info=&#8220;{}&#8220;][et_pb_image src=&#8220;https:\/\/www.sgrail.country\/silvaplana\/wp-content\/uploads\/2026\/03\/KULINARIK1.png&#8220; alt=&#8220;Triathlon Festival Schweiz&#8220; title_text=&#8220;Swiss Triathlon&#8220; _builder_version=&#8220;4.27.4&#8243; _module_preset=&#8220;default&#8220; global_colors_info=&#8220;{}&#8220;][\/et_pb_image][\/et_pb_column][\/et_pb_row][et_pb_row column_structure=&#8220;1_3,1_3,1_3&#8243; _builder_version=&#8220;4.27.4&#8243; _module_preset=&#8220;default&#8220; custom_padding=&#8220;23px|||||&#8220; global_colors_info=&#8220;{}&#8220;][et_pb_column type=&#8220;1_3&#8243; _builder_version=&#8220;4.27.4&#8243; _module_preset=&#8220;default&#8220; global_colors_info=&#8220;{}&#8220;][et_pb_text _builder_version=&#8220;4.27.4&#8243; _module_preset=&#8220;default&#8220; text_font=&#8220;|300||on|||||&#8220; text_text_color=&#8220;#b98959&#8243; text_font_size=&#8220;22px&#8220; text_line_height=&#8220;1.8em&#8220; header_font=&#8220;||||||||&#8220; header_2_font=&#8220;Montserrat|500|||||||&#8220; header_2_text_align=&#8220;center&#8220; header_2_font_size=&#8220;30px&#8220; header_2_line_height=&#8220;1.4em&#8220; text_orientation=&#8220;center&#8220; max_width=&#8220;890px&#8220; module_alignment=&#8220;center&#8220; custom_padding=&#8220;0px|||||&#8220; animation_style=&#8220;fade&#8220; global_colors_info=&#8220;{}&#8220;]<\/p>\n<p style=\"text-align: center;\">PIZOKEL PLAUSCH AM FREITAG<\/p>\n<p style=\"text-align: center;\">APERO AM SAMSTAG<\/p>\n<p style=\"text-align: center;\">WARME FINISHER-MAHLZEIT<\/p>\n<p style=\"text-align: center;\">RED BULL GETR\u00c4NKE<\/p>\n<p style=\"text-align: center;\">SGRAIL BIER<\/p>\n<p style=\"text-align: center;\">LECKERER KAFFEE<\/p>\n<p style=\"text-align: center;\">AID STATIONS MIT K\u00c4SEBROT, KUCHEN, MAURTEN &amp; MEHR<\/p>\n<p>[\/et_pb_text][\/et_pb_column][et_pb_column type=&#8220;1_3&#8243; _builder_version=&#8220;4.27.4&#8243; _module_preset=&#8220;default&#8220; global_colors_info=&#8220;{}&#8220;][et_pb_text _builder_version=&#8220;4.27.4&#8243; _module_preset=&#8220;default&#8220; text_font=&#8220;|300||on|||||&#8220; text_text_color=&#8220;#b98959&#8243; text_font_size=&#8220;22px&#8220; text_line_height=&#8220;1.8em&#8220; header_font=&#8220;||||||||&#8220; header_2_font=&#8220;Montserrat|500|||||||&#8220; header_2_text_align=&#8220;center&#8220; header_2_font_size=&#8220;30px&#8220; header_2_line_height=&#8220;1.4em&#8220; text_orientation=&#8220;center&#8220; max_width=&#8220;890px&#8220; module_alignment=&#8220;center&#8220; custom_padding=&#8220;0px|||||&#8220; animation_style=&#8220;fade&#8220; global_colors_info=&#8220;{}&#8220;]<\/p>\n<p>GRAVEL TRIATHLON MIT EINZIGARTIGEN STRECKEN<\/p>\n<p>RYZON TRAIL RUN WARM UP INKL. KAFFEE &amp; KUCHEN<\/p>\n<p>CANYON WARM UP RIDE INKL. KAFFEE &amp; NUSSTORTE<\/p>\n<p>SAILFISH SWIM INKL. TEE &amp; BIEBERLI<\/p>\n<p>TALK &amp; FUN<\/p>\n<p>[\/et_pb_text][\/et_pb_column][et_pb_column type=&#8220;1_3&#8243; _builder_version=&#8220;4.27.4&#8243; _module_preset=&#8220;default&#8220; global_colors_info=&#8220;{}&#8220;][et_pb_text _builder_version=&#8220;4.27.4&#8243; _module_preset=&#8220;default&#8220; text_font=&#8220;|300||on|||||&#8220; text_text_color=&#8220;#b98959&#8243; text_font_size=&#8220;22px&#8220; text_line_height=&#8220;1.8em&#8220; header_font=&#8220;||||||||&#8220; header_2_font=&#8220;Montserrat|500|||||||&#8220; header_2_text_align=&#8220;center&#8220; header_2_font_size=&#8220;30px&#8220; header_2_line_height=&#8220;1.4em&#8220; text_orientation=&#8220;center&#8220; max_width=&#8220;890px&#8220; module_alignment=&#8220;center&#8220; custom_padding=&#8220;0px|||||&#8220; animation_style=&#8220;fade&#8220; global_colors_info=&#8220;{}&#8220;]<\/p>\n<p>RYZON TEILNEHMERgeschenk<\/p>\n<p>THE HOLY SGRAIL<\/p>\n<p>TEILNEHMERFOTOS<\/p>\n<p>SAILFISH BADEKAPPE<\/p>\n<p>SGRAIL WECHSELBEUTEL<\/p>\n<p>MAURTEN BIDON<\/p>\n<p>SGRAIL TRAIL CUP<\/p>\n<p>[\/et_pb_text][\/et_pb_column][\/et_pb_row][et_pb_row _builder_version=&#8220;4.27.4&#8243; _module_preset=&#8220;default&#8220; global_colors_info=&#8220;{}&#8220;][et_pb_column type=&#8220;4_4&#8243; _builder_version=&#8220;4.27.4&#8243; _module_preset=&#8220;default&#8220; global_colors_info=&#8220;{}&#8220;][et_pb_image src=&#8220;https:\/\/www.sgrail.country\/silvaplana\/wp-content\/uploads\/2026\/03\/Untitled-design5.png&#8220; title_text=&#8220;Untitled design(5)&#8220; force_fullwidth=&#8220;on&#8220; _builder_version=&#8220;4.27.4&#8243; _module_preset=&#8220;default&#8220; max_height=&#8220;445px&#8220; global_colors_info=&#8220;{}&#8220;][\/et_pb_image][\/et_pb_column][\/et_pb_row][et_pb_row _builder_version=&#8220;4.27.4&#8243; _module_preset=&#8220;default&#8220; min_height=&#8220;115px&#8220; custom_padding=&#8220;31px||26px|||&#8220; global_colors_info=&#8220;{}&#8220;][et_pb_column type=&#8220;4_4&#8243; _builder_version=&#8220;4.27.4&#8243; _module_preset=&#8220;default&#8220; global_colors_info=&#8220;{}&#8220;][et_pb_text _builder_version=&#8220;4.27.4&#8243; _module_preset=&#8220;default&#8220; global_colors_info=&#8220;{}&#8220;]<\/p>\n<h2 style=\"text-align: center;\">Weitere Leistungen<\/h2>\n<p>[\/et_pb_text][\/et_pb_column][\/et_pb_row][et_pb_row _builder_version=&#8220;4.27.4&#8243; _module_preset=&#8220;default&#8220; global_colors_info=&#8220;{}&#8220;][et_pb_column type=&#8220;4_4&#8243; _builder_version=&#8220;4.27.4&#8243; _module_preset=&#8220;default&#8220; global_colors_info=&#8220;{}&#8220;][et_pb_text _builder_version=&#8220;4.27.4&#8243; _module_preset=&#8220;default&#8220; min_height=&#8220;245.8px&#8220; global_colors_info=&#8220;{}&#8220;]<\/p>\n<p style=\"text-align: center;\"><span style=\"font-size: large;\">Zeitmessung &amp; Zwischenzeiten \u2013 for all who care<\/span><\/p>\n<p style=\"text-align: center;\"><span style=\"font-size: large;\">Flexibilit\u00e4t \u2013 deinen Startplatz kannst du bis zwei Wochen vor dem Event kostenlos weitergeben<\/span><\/p>\n<p style=\"text-align: center;\"><span style=\"font-size: large;\">Das Wasser zu frisch fur dich? Kein Problem \u2013 lass das Schwimmen weg<\/span><\/p>\n<p style=\"text-align: center;\"><span style=\"font-size: large;\">Kostenloser Bike Service \u2013 damit du dich voll aufs Erlebnis konzentrieren kannst<\/span><\/p>\n<p style=\"text-align: center;\"><span style=\"font-size: large;\">F\u00fcr jeden SGRAILER pflanzen wir gemeinsam mit growmytree.com einen Baum\u00a0<\/span><\/p>\n<p style=\"text-align: center;\"><span style=\"font-size: large;\">Bei uns werden nicht nur die Schnellsten gefeiert \u2013 sondern auch das beste Outfit, der epischste Fail etc.<\/span><\/p>\n<p>[\/et_pb_text][et_pb_button button_url=&#8220;https:\/\/www.sgrail.country\/silvaplana\/registerform&#8220; button_text=&#8220;Jetzt anmelden!&#8220; button_alignment=&#8220;center&#8220; _builder_version=&#8220;4.27.4&#8243; _module_preset=&#8220;default&#8220; global_colors_info=&#8220;{}&#8220;][\/et_pb_button][et_pb_text _builder_version=&#8220;4.27.4&#8243; _module_preset=&#8220;default&#8220; custom_margin=&#8220;47px|||||&#8220; global_colors_info=&#8220;{}&#8220;]<\/p>\n<h2 style=\"text-align: center;\">Teilnahme &amp; Startgeld<\/h2>\n<p>&nbsp;<\/p>\n<p>[\/et_pb_text][et_pb_text _builder_version=&#8220;4.27.4&#8243; _module_preset=&#8220;default&#8220; custom_margin=&#8220;-44px||-11px|||&#8220; global_colors_info=&#8220;{}&#8220;]<\/p>\n<p style=\"text-align: center;\">(alle Betr\u00e4ge verstehen sich zzgl. Administrationsgeb\u00fchr)<\/p>\n<p>[\/et_pb_text][et_pb_text _builder_version=&#8220;4.27.4&#8243; _module_preset=&#8220;default&#8220; min_height=&#8220;204px&#8220; custom_padding=&#8220;0px||1px|||&#8220; global_colors_info=&#8220;{}&#8220;]<\/p>\n<div class=\"et_pb_text_inner\">\n<div data-shortcode-id=\"0.10.0.2-1773565209295\" data-quickaccess-editable=\"yes\" class=\"et-fb-popover-tinymce\">\n<div class=\"mce-content-body\" contenteditable=\"true\" style=\"position: relative;\">\n<p>&nbsp;<\/p>\n<p style=\"text-align: center;\"><span style=\"font-size: xx-large;\"><strong>SGRAIL78<\/strong> <strong>CHF 349,-<\/strong><\/span><\/p>\n<p style=\"text-align: center;\"><span style=\"font-size: xx-large;\"><strong>SGRAIL78 TEAM <\/strong><strong>CHF 749,- *<\/strong><\/span><\/p>\n<p style=\"text-align: center;\"><span style=\"font-size: xx-large;\"><strong>SGRAIL78 LITE<\/strong> <strong>CHF 319,-<\/strong><\/span><\/p>\n<p style=\"text-align: center;\"><span style=\"font-size: xx-large;\"><strong>KIDS DUATHLON CHF 15,-<\/strong><\/span><a href=\"https:\/\/www.sgrail.country\/silvaplana\/2336-2\/\"><span><b><\/b><\/span><\/a><\/p>\n<\/div>\n<\/div>\n<\/div>\n<p>[\/et_pb_text][et_pb_text _builder_version=&#8220;4.27.4&#8243; _module_preset=&#8220;default&#8220; min_height=&#8220;95px&#8220; custom_margin=&#8220;37px|||||&#8220; custom_padding=&#8220;0px||11px|||&#8220; global_colors_info=&#8220;{}&#8220;]<\/p>\n<p style=\"text-align: center;\">Die Teilnahme ist ab 18 Jahren (Jahrgang 2008) m\u00f6glich. Kinder Jahrgang 2012 und j\u00fcnger k\u00f6nnen am Duathlon teilnehmen.<\/p>\n<p style=\"text-align: center;\">\u00a0 *All in f\u00fcr 2-3 Teilnehmer:innen, alle Team Teilnehmer:innen erhalten die gleichen Leistungen wie Solo-Starter:innen: Side Events, Catering, Goodies &amp; das volle SGRAIL-Feeling.<\/p>\n<p>[\/et_pb_text][et_pb_button button_url=&#8220;https:\/\/www.sgrail.country\/silvaplana\/registerform&#8220; button_text=&#8220;Jetzt Startplatz sichern!&#8220; button_alignment=&#8220;center&#8220; _builder_version=&#8220;4.27.4&#8243; _module_preset=&#8220;default&#8220; global_colors_info=&#8220;{}&#8220;][\/et_pb_button][et_pb_text _builder_version=&#8220;4.27.4&#8243; _module_preset=&#8220;default&#8220; min_height=&#8220;85.6px&#8220; global_colors_info=&#8220;{}&#8220;]<\/p>\n<p style=\"text-align: center;\"><span style=\"font-size: x-large;\">Fragen an: <a href=\"mailto:info@www.sgrail.country\/silvaplana\"><b>swiss@sgrail.country<\/b><b><\/b><\/a><\/span><\/p>\n<p style=\"text-align: center;\"><span style=\"font-size: x-large;\">Weitere Infos und Antworten gibt es auch bei den <a href=\"https:\/\/www.sgrail.country\/silvaplana\/2336-2\/\"><b>FAQs<\/b><\/a><\/span><\/p>\n<p>[\/et_pb_text][\/et_pb_column][\/et_pb_row][\/et_pb_section][et_pb_section fb_built=&#8220;1&#8243; _builder_version=&#8220;4.16&#8243; _module_preset=&#8220;default&#8220; custom_padding=&#8220;||0px|||&#8220; global_colors_info=&#8220;{}&#8220;][\/et_pb_section]<\/p>\n","protected":false},"excerpt":{"rendered":"<p>ANMELDUNGAlles im Startgeld enthalten \u2013 das ganze Wochenende \u00fcber gibt&#8217;s Kaffee, Kuchen, Red Bull und Bier uvm. gratis. Dazu eine warme Finisher-Mahlzeit, Pizokel Plausch (Carbo-Loading am Freitag), Aid Stations Gels &amp; Co und lokalen Spezialit\u00e4ten, ein volles Event-Programm von Freitag bis Sonntag und ein Starter Bag mit Ryzon Teilnehmergeschenk, Sailfish Badekappe, Maurten Bidon und mehr. [&hellip;]<\/p>\n","protected":false},"author":1,"featured_media":0,"parent":0,"menu_order":0,"comment_status":"closed","ping_status":"closed","template":"","meta":{"_et_pb_use_builder":"on","_et_pb_old_content":"","_et_gb_content_width":"","footnotes":""},"class_list":["post-49","page","type-page","status-publish","hentry"],"yoast_head":"<!-- This site is optimized with the Yoast SEO plugin v25.8 - https:\/\/yoast.com\/wordpress\/plugins\/seo\/ -->\n<title>Anmeldung &amp; Registration SGRAIL78 | Dein Startplatz in Silvaplana<\/title>\n<meta name=\"description\" content=\"Das ultimative Gravel-Abenteuer f\u00fcr Ausdauersportler! Sichere dir deinen Startplatz f\u00fcr die Challenge im Engadin. Anmelden &amp; Schweiz erleben\" \/>\n<meta name=\"robots\" content=\"index, follow, max-snippet:-1, max-image-preview:large, max-video-preview:-1\" \/>\n<link rel=\"canonical\" href=\"https:\/\/www.sgrail.country\/silvaplana\/sign-up\/\" \/>\n<meta property=\"og:locale\" content=\"de_DE\" \/>\n<meta property=\"og:type\" content=\"article\" \/>\n<meta property=\"og:title\" content=\"Anmeldung &amp; Registration SGRAIL78 | Dein Startplatz in Silvaplana\" \/>\n<meta property=\"og:description\" content=\"Das ultimative Gravel-Abenteuer f\u00fcr Ausdauersportler! Sichere dir deinen Startplatz f\u00fcr die Challenge im Engadin. Anmelden &amp; Schweiz erleben\" \/>\n<meta property=\"og:url\" content=\"https:\/\/www.sgrail.country\/silvaplana\/sign-up\/\" \/>\n<meta property=\"og:site_name\" content=\"SGRAIL SILVAPLANA\" \/>\n<meta property=\"article:publisher\" content=\"https:\/\/www.facebook.com\/p\/Sgrail-Country-61574893363284\/\" \/>\n<meta property=\"article:modified_time\" content=\"2026-04-23T12:34:31+00:00\" \/>\n<meta name=\"twitter:card\" content=\"summary_large_image\" \/>\n<meta name=\"twitter:label1\" content=\"Gesch\u00e4tzte Lesezeit\" \/>\n\t<meta name=\"twitter:data1\" content=\"3\u00a0Minuten\" \/>\n<script type=\"application\/ld+json\" class=\"yoast-schema-graph\">{\"@context\":\"https:\/\/schema.org\",\"@graph\":[{\"@type\":\"WebPage\",\"@id\":\"https:\/\/www.sgrail.country\/silvaplana\/sign-up\/\",\"url\":\"https:\/\/www.sgrail.country\/silvaplana\/sign-up\/\",\"name\":\"Anmeldung & Registration SGRAIL78 | Dein Startplatz in Silvaplana\",\"isPartOf\":{\"@id\":\"https:\/\/www.sgrail.country\/silvaplana\/#website\"},\"datePublished\":\"2021-09-25T10:45:31+00:00\",\"dateModified\":\"2026-04-23T12:34:31+00:00\",\"description\":\"Das ultimative Gravel-Abenteuer f\u00fcr Ausdauersportler! Sichere dir deinen Startplatz f\u00fcr die Challenge im Engadin. Anmelden & Schweiz erleben\",\"breadcrumb\":{\"@id\":\"https:\/\/www.sgrail.country\/silvaplana\/sign-up\/#breadcrumb\"},\"inLanguage\":\"de\",\"potentialAction\":[{\"@type\":\"ReadAction\",\"target\":[\"https:\/\/www.sgrail.country\/silvaplana\/sign-up\/\"]}]},{\"@type\":\"BreadcrumbList\",\"@id\":\"https:\/\/www.sgrail.country\/silvaplana\/sign-up\/#breadcrumb\",\"itemListElement\":[{\"@type\":\"ListItem\",\"position\":1,\"name\":\"Home\",\"item\":\"https:\/\/www.sgrail.country\/silvaplana\/\"},{\"@type\":\"ListItem\",\"position\":2,\"name\":\"Register now!\"}]},{\"@type\":\"WebSite\",\"@id\":\"https:\/\/www.sgrail.country\/silvaplana\/#website\",\"url\":\"https:\/\/www.sgrail.country\/silvaplana\/\",\"name\":\"SGRAIL SILVAPLANA\",\"description\":\"SWIM - GRAVEL - TRAIL\",\"publisher\":{\"@id\":\"https:\/\/www.sgrail.country\/silvaplana\/#organization\"},\"potentialAction\":[{\"@type\":\"SearchAction\",\"target\":{\"@type\":\"EntryPoint\",\"urlTemplate\":\"https:\/\/www.sgrail.country\/silvaplana\/?s={search_term_string}\"},\"query-input\":{\"@type\":\"PropertyValueSpecification\",\"valueRequired\":true,\"valueName\":\"search_term_string\"}}],\"inLanguage\":\"de\"},{\"@type\":\"Organization\",\"@id\":\"https:\/\/www.sgrail.country\/silvaplana\/#organization\",\"name\":\"SGRAIL SILVAPLANA\",\"url\":\"https:\/\/www.sgrail.country\/silvaplana\/\",\"logo\":{\"@type\":\"ImageObject\",\"inLanguage\":\"de\",\"@id\":\"https:\/\/www.sgrail.country\/silvaplana\/#\/schema\/logo\/image\/\",\"url\":\"https:\/\/www.sgrail.country\/silvaplana\/wp-content\/uploads\/2025\/12\/sgrail78-Logo_silvaplana.jpg\",\"contentUrl\":\"https:\/\/www.sgrail.country\/silvaplana\/wp-content\/uploads\/2025\/12\/sgrail78-Logo_silvaplana.jpg\",\"width\":1318,\"height\":740,\"caption\":\"SGRAIL SILVAPLANA\"},\"image\":{\"@id\":\"https:\/\/www.sgrail.country\/silvaplana\/#\/schema\/logo\/image\/\"},\"sameAs\":[\"https:\/\/www.facebook.com\/p\/Sgrail-Country-61574893363284\/\",\"https:\/\/www.instagram.com\/sgrail.country\/\"]}]}<\/script>\n<!-- \/ Yoast SEO plugin. -->","yoast_head_json":{"title":"Anmeldung & Registration SGRAIL78 | Dein Startplatz in Silvaplana","description":"Das ultimative Gravel-Abenteuer f\u00fcr Ausdauersportler! Sichere dir deinen Startplatz f\u00fcr die Challenge im Engadin. Anmelden & Schweiz erleben","robots":{"index":"index","follow":"follow","max-snippet":"max-snippet:-1","max-image-preview":"max-image-preview:large","max-video-preview":"max-video-preview:-1"},"canonical":"https:\/\/www.sgrail.country\/silvaplana\/sign-up\/","og_locale":"de_DE","og_type":"article","og_title":"Anmeldung & Registration SGRAIL78 | Dein Startplatz in Silvaplana","og_description":"Das ultimative Gravel-Abenteuer f\u00fcr Ausdauersportler! Sichere dir deinen Startplatz f\u00fcr die Challenge im Engadin. Anmelden & Schweiz erleben","og_url":"https:\/\/www.sgrail.country\/silvaplana\/sign-up\/","og_site_name":"SGRAIL SILVAPLANA","article_publisher":"https:\/\/www.facebook.com\/p\/Sgrail-Country-61574893363284\/","article_modified_time":"2026-04-23T12:34:31+00:00","twitter_card":"summary_large_image","twitter_misc":{"Gesch\u00e4tzte Lesezeit":"3\u00a0Minuten"},"schema":{"@context":"https:\/\/schema.org","@graph":[{"@type":"WebPage","@id":"https:\/\/www.sgrail.country\/silvaplana\/sign-up\/","url":"https:\/\/www.sgrail.country\/silvaplana\/sign-up\/","name":"Anmeldung & Registration SGRAIL78 | Dein Startplatz in Silvaplana","isPartOf":{"@id":"https:\/\/www.sgrail.country\/silvaplana\/#website"},"datePublished":"2021-09-25T10:45:31+00:00","dateModified":"2026-04-23T12:34:31+00:00","description":"Das ultimative Gravel-Abenteuer f\u00fcr Ausdauersportler! Sichere dir deinen Startplatz f\u00fcr die Challenge im Engadin. Anmelden & Schweiz erleben","breadcrumb":{"@id":"https:\/\/www.sgrail.country\/silvaplana\/sign-up\/#breadcrumb"},"inLanguage":"de","potentialAction":[{"@type":"ReadAction","target":["https:\/\/www.sgrail.country\/silvaplana\/sign-up\/"]}]},{"@type":"BreadcrumbList","@id":"https:\/\/www.sgrail.country\/silvaplana\/sign-up\/#breadcrumb","itemListElement":[{"@type":"ListItem","position":1,"name":"Home","item":"https:\/\/www.sgrail.country\/silvaplana\/"},{"@type":"ListItem","position":2,"name":"Register now!"}]},{"@type":"WebSite","@id":"https:\/\/www.sgrail.country\/silvaplana\/#website","url":"https:\/\/www.sgrail.country\/silvaplana\/","name":"SGRAIL SILVAPLANA","description":"SWIM - GRAVEL - TRAIL","publisher":{"@id":"https:\/\/www.sgrail.country\/silvaplana\/#organization"},"potentialAction":[{"@type":"SearchAction","target":{"@type":"EntryPoint","urlTemplate":"https:\/\/www.sgrail.country\/silvaplana\/?s={search_term_string}"},"query-input":{"@type":"PropertyValueSpecification","valueRequired":true,"valueName":"search_term_string"}}],"inLanguage":"de"},{"@type":"Organization","@id":"https:\/\/www.sgrail.country\/silvaplana\/#organization","name":"SGRAIL SILVAPLANA","url":"https:\/\/www.sgrail.country\/silvaplana\/","logo":{"@type":"ImageObject","inLanguage":"de","@id":"https:\/\/www.sgrail.country\/silvaplana\/#\/schema\/logo\/image\/","url":"https:\/\/www.sgrail.country\/silvaplana\/wp-content\/uploads\/2025\/12\/sgrail78-Logo_silvaplana.jpg","contentUrl":"https:\/\/www.sgrail.country\/silvaplana\/wp-content\/uploads\/2025\/12\/sgrail78-Logo_silvaplana.jpg","width":1318,"height":740,"caption":"SGRAIL SILVAPLANA"},"image":{"@id":"https:\/\/www.sgrail.country\/silvaplana\/#\/schema\/logo\/image\/"},"sameAs":["https:\/\/www.facebook.com\/p\/Sgrail-Country-61574893363284\/","https:\/\/www.instagram.com\/sgrail.country\/"]}]}},"_links":{"self":[{"href":"https:\/\/www.sgrail.country\/silvaplana\/wp-json\/wp\/v2\/pages\/49","targetHints":{"allow":["GET"]}}],"collection":[{"href":"https:\/\/www.sgrail.country\/silvaplana\/wp-json\/wp\/v2\/pages"}],"about":[{"href":"https:\/\/www.sgrail.country\/silvaplana\/wp-json\/wp\/v2\/types\/page"}],"author":[{"embeddable":true,"href":"https:\/\/www.sgrail.country\/silvaplana\/wp-json\/wp\/v2\/users\/1"}],"replies":[{"embeddable":true,"href":"https:\/\/www.sgrail.country\/silvaplana\/wp-json\/wp\/v2\/comments?post=49"}],"version-history":[{"count":186,"href":"https:\/\/www.sgrail.country\/silvaplana\/wp-json\/wp\/v2\/pages\/49\/revisions"}],"predecessor-version":[{"id":3252,"href":"https:\/\/www.sgrail.country\/silvaplana\/wp-json\/wp\/v2\/pages\/49\/revisions\/3252"}],"wp:attachment":[{"href":"https:\/\/www.sgrail.country\/silvaplana\/wp-json\/wp\/v2\/media?parent=49"}],"curies":[{"name":"wp","href":"https:\/\/api.w.org\/{rel}","templated":true}]}}